e -7*y + n*y - 226 = 0. Is y composite?
False
Suppose 20676 = 2*n - 30750. Suppose -n = -9*p - 0*p. Is p prime?
True
Is (4698968/(-24))/((-28)/168) composite?
True
Suppose 695797 = 3*i - 5*c, -168*i + c + 1159603 = -163*i. Is i composite?
False
Suppose -2*h = -4*n + 19726 - 339486, -5*h = 5*n - 799385. Is h prime?
False
Let g(z) = 2*z**3 + 26*z**2 - z - 21. Let q be g(-13). Is (q/(-4))/((-28)/(-289954)) prime?
False
Suppose 3*j + 387283 = 3*v + 2703406, -2316115 = -3*j + 4*v. Is j a composite number?
True
Let c(x) = 27*x - 17 - 18 + 12. Let b be c(14). Let h = b + 54. Is h prime?
True
Let h be (-5 - (-46)/8)*4. Let a(d) = d - 2. Let s be a(7). Suppose h*g = s*g - 886. Is g a composite number?
False
Is 37/21 + (-162)/378 + (-98950)/(-6) prime?
True
Suppose 5*m - u = 201879 + 205723, -4*m + 326072 = -4*u. Is m a composite number?
True
Let u(j) = 4*j**2 + 5*j - 8. Let w be u(4). Let z = w + -68. Suppose -z = 4*m, -k - 5*m - 1241 = -2*k. Is k composite?
False
Let l = 36997 - 25662. Is l composite?
True
Suppose -66*g = -114*g + 72*g - 22269864. Is g composite?
True
Let b(t) = 8*t - 1 + 20 + 10 + 2. Let u be b(9). Let i = 302 - u. Is i a prime number?
True
Let j = 264042 + 409001. Is j a composite number?
True
Let p = -255 - -142. Let h = 117 + p. Suppose h*c - 780 = 736. Is c a composite number?
False
Let h(d) = 45*d**3 - d**2 + 8*d - 9. Let w(p) = -138*p**3 + 3*p**2 - 24*p + 26. Let i(t) = -11*h(t) - 4*w(t). Is i(6) composite?
True
Suppose 4*c + 173 = -5*n - 276, 0 = -n + c - 97. Let u = 98 + n. Is (u - 1)*163/4 a composite number?
False
Let z be 27/12 + 27/36. Suppose 3 = 3*q, -2284 = z*a - 3*q + 1088. Let w = 1030 - a. Is w prime?
True
Suppose -3*y = 4*p - 46244 - 42562, 5*y + 2*p - 147982 = 0. Is y a prime number?
False
Let t = 19422 - -45647. Is t a composite number?
True
Suppose -15 = 5*p, -9*k + 7 = -5*k + 3*p. Suppose 0 = k*s - 20875 - 25281. Is s a prime number?
False
Suppose -2*m = 5*i - 3*i - 7010, m = 4*i - 14015. Suppose 0 = -3*o + 3*n + 9222, 5713 = 3*o + 2*n - i. Is o prime?
False
Is ((-7 + 11)*87539/(-1) + -3)/(-1) a prime number?
True
Let z(j) = 408*j**2 + j. Let u be z(4). Suppose 0 = 23*w - 22*w - u. Suppose -4*h = 5*i - 10825, -5*i + 4293 + w = -5*h. Is i a prime number?
False
Let b(r) = -2*r**3 - 33*r**2 + 123*r - 15. Is b(-43) a prime number?
True
Let m(x) = 2*x**3 - x**2 - 4*x - 22. Let w = -7 + 0. Let j be m(w). Let g = -398 - j. Is g composite?
False
Suppose 11*s + 24 = 7*s, 4*s - 1161087 = -3*m. Is m a composite number?
True
Let y(r) be the first derivative of 4*r**4 - r**3 + 29*r**2/2 + r - 90. Is y(13) composite?
False
Suppose 3*k + 1 = -2*a, -10*k + 7*k + 4*a = 7. Is 2/(-4)*k*(-9 - -6311) a composite number?
True
Let n be 12018/((-2)/(-5)*-5). Let j = n - -12358. Is j a composite number?
True
Suppose -5*n = 38 - 153. Let g(j) = -2*j + 51*j**2 - n - 15*j**2 + 131*j**2 + 21. Is g(-3) a prime number?
False
Let s = 745486 - -318133. Is s composite?
False
Suppose 20*h + 198 = 21*h. Suppose 11 - h = -y. Is y prime?
False
Let b(p) be the first derivative of p**4/4 + 17*p**3/3 - 23*p**2/2 - 26*p - 1. Let j = -526 - -511. Is b(j) a composite number?
False
Let v = -91258 - -130387. Is v a composite number?
True
Let p(i) = i**2 + 7*i + 12. Let x be p(-5). Suppose -4*b = x*m - 230, -5*b - 15 = -0. Is m composite?
True
Suppose 206*m = 198*m + 16. Let d(u) = 173*u**3 - 2*u + 11. Is d(m) composite?
True
Suppose 4*l = 0, -4*l + 8881 + 24200 = d. Is d a composite number?
True
Suppose -43*w + 5*x = -41*w - 508262, 5*w + x - 1270709 = 0. Is w a composite number?
False
Let q(a) = 73*a**3 + 19*a**2 - 41*a + 145. Is q(12) a composite number?
True
Let l(t) = 12*t**2 + 4*t + 1. Let o(p) = p**2 - 10*p + 20. Let r be o(4). Let s be l(r). Suppose -s = 7*m - 10*m. Is m a composite number?
False
Is 2/10*(-8218885)/(-103) a composite number?
False
Let a be -1 - (-4)/((-12)/(-10881)). Let p be 2/4 + (-67155)/66. Let t = a + p. Is t composite?
False
Suppose -1800 = -4*h + 2196. Suppose 11927 = -22*q - 833. Let x = h + q. Is x a composite number?
False
Let w = 576 + -375. Let i be (-1 - -3)/(0 + 3/6). Is 4757/w*(-58)/i*-6 a composite number?
True
Let z(f) = 31086*f - 271. Is z(1) a composite number?
True
Suppose -b - m - 2 = -4*b, 0 = -4*b + 2*m. Suppose 2*x + 5*a - 14 = 0, -b = x - 5*a + 6. Suppose x*s = -186 + 1168. Is s a composite number?
False
Suppose 0 = -856*i + 860*i - 37608. Suppose -4*s + 18796 = 4*p, 2*s - i = -6*p + 5*p. Is s prime?
True
Let i = 1325 + -873. Let r = 775 - i. Is r a prime number?
False
Let v = 2781067 - 1232326. Is v composite?
True
Let h(r) = -r**3 - 2*r**2 - 4*r - 7. Let b be h(-3). Let u = 13 - b. Is u/(-2) - 117*(-5)/2 a prime number?
True
Let u be 6*3/(9/2). Let y be ((-8770)/15)/(u/(-6)). Suppose y - 207 = 2*l. Is l prime?
False
Suppose 2205 = -z - 8*z. Let s = 366 + z. Is s a composite number?
True
Suppose 2*f + 3*p - 958313 = 0, -2*f + 926206 = -p - 32119. Is f a prime number?
False
Let z(f) = f**3 - 3*f**2 + 4*f - 1. Let y be z(2). Suppose -4*r = -2*v - 3*v + 190, 49 = v - y*r. Is v composite?
True
Let y be ((-92248)/(-32))/(-13)*-16. Suppose 7*i + y - 83061 = 0. Is i a prime number?
False
Suppose -11*f + 40 = 7. Suppose -3*l - 9 = 0, -87 = 5*u + f*l - 4*l. Is (-4)/u - ((-7180)/9 + 1) composite?
False
Let b(r) = 4 - 50*r + 26*r + r**2 + 20*r. Let l be b(0). Is (4 + 22)*158/l a prime number?
False
Suppose 4*b = -91*n + 93*n + 2884006, -720999 = -b - 2*n. Is b prime?
False
Let i be (2120/(-15))/(3/9). Let l = 1861 + i. Is l composite?
True
Let y(w) = 30*w**2 - 3*w + 22. Let h be 9/((-63)/34) - (-1)/(-7). Is y(h) a composite number?
False
Suppose 0 = 4*l - 4*j - 498092, 3*l - 4*j - 45280 = 328283. Is l a prime number?
True
Suppose 0 = -4*k + 39 + 25. Suppose 5*w - 5 = 3*i, -k = -2*w - 5*i + 17. Suppose -3*b + 6834 = -b + 5*p, -b + w*p + 3391 = 0. Is b prime?
True
Is -11 + (29783 + -4 - 21) a prime number?
False
Suppose -3*o - c + 8328 = 0, -o + 2743 = 523*c - 519*c. Is o a composite number?
True
Suppose 5*x + 2*q = 1351257, -3*x - 10*q + 194239 + 616480 = 0. Is x composite?
True
Let o(b) = 4*b - 8. Let m be o(5). Let u(f) = m + 4 - 24*f - 8*f - 9*f. Is u(-5) a prime number?
False
Let q = -278560 - -1374687. Is q a composite number?
False
Let h(q) = -18*q**3 - 3*q**2 + 5*q + 3. Let a be h(-4). Suppose -5*y = -a - 598. Suppose 2*z = -3*g + y, -2*z = -2*g - 358 + 26. Is z a prime number?
True
Let h = 416 - 386. Suppose -h*b = -9*b - 55251. Is b a composite number?
True
Let v be 46 + -42 - (0 + 5*-1). Suppose v*r - 13*r + 3066 = 2*i, -i + 3*r + 1518 = 0. Is i composite?
True
Let x = -54 + 42. Let g be 870/x*(-5 + -1). Suppose 4087 = 4*n + g. Is n prime?
False
Suppose -5*q - 134 = -p, 4*p = 2*p + 2*q + 276. Suppose -3*m - u - p = -3165, 4*u - 20 = 0. Let c = -654 + m. Is c composite?
False
Let c(u) = 714*u**2 + 2. Let n be c(6). Suppose n - 2846 = 5*w. Suppose -9*m + w = -4815. Is m a composite number?
True
Suppose 4*m - 309268 = 4*a, 118*m + 4*a = 121*m - 231947. Is m prime?
False
Suppose -17*w + 87904 = 15*w. Suppose 0 = -2*i + 3*l + 5456, w - 13623 = -4*i - 3*l. Is i a prime number?
False
Let z(n) = -137*n**3 - 9*n**2 - 69. Is z(-7) a prime number?
False
Let y = 7816 + 348457. Is y composite?
True
Let u = -127348 + 1194159. Is u a prime number?
True
Suppose 3*r + 3*u = 563703, -5*u = -104*r + 106*r - 375784. Is r a prime number?
True
Suppose -3*t - 37272 = -5*v, 4*v - 33153 + 3329 = 4*t. Suppose v + 6432 = 6*a. Suppose -4*h = -a - 1042. Is h prime?
True
Let g(m) = 16*m**2 + 22*m + 16. Let p be g(11). Suppose 5*j + 1777 = q, 2*j + 417 = -q + p. Is q a prime number?
True
Let t = 93 - 87. Is 16/t + -3 + (-69252)/(-18) a prime number?
True
Let v(l) = -71985*l + 3. Let i be v(-13). Is (2/6 - 1)/((-256)/i) a prime number?
True
Is 3873594*(7 - 10 - -2)/(-6) composite?
False
Let f be (18/99 + 2336/(-22))/(-2). Let i = -48 + f. Suppose 0 = -t + 3, 9190 = 5*w - 0*w - i*t. Is w prime?
False
Suppose 3*g - 2*n - 71918 = 0, 5*g - 3*g - 47936 = -n. Suppose 14*d - 125032 - g = 0. Is d composite?
True
Let q(r) = -7*r - 25. Let g be q(-4). Let j(i) be the second derivative of 3*i**5/20 + i**4/6 + i**3/2 + 7*i**2/2 - 4*i. Is j(g) composite?
True
Let c(s) = 12*s**3 - s**2 - 2*s + 15. Let u be c(7). Let b = -2597 + u. Is b a composite n